
4
Let p(z) = -3*z - 2. What is p(8)?
-26
Let g(b) = -b + 9. Give g(4).
5
Let h(j) = -5*j. What is h(-2)?
10
Let q(i) = -13*i + 133. What is q(12)?
-23
Let l(w) = -w**3 - 7*w**2 - 11*w + 7. What is l(-3)?
4
Let k(i) = i**3 + 25*i**2 + 142*i - 28. Calculate k(-16).
4
Let c(j) = 2*j**2 + 16*j - 107. Give c(5).
23
Let w(y) = 4*y - 25. Determine w(15).
35
Let o(f) = 2*f + 3. Give o(-3).
-3
Let u(m) = -m**3 - 18*m**2 - 31*m + 6. What is u(-16)?
-10
Let v(k) = k**2 + k - 10. What is v(-5)?
10
Let o(h) = h**3 + 2*h**2 - 3*h + 5. What is o(-4)?
-15
Let w(h) = -13*h - 216. Calculate w(-16).
-8
Let f(p) = p**3 - 11*p**2 - 11*p - 5. Calculate f(12).
7
Let f(o) = 5*o - 5. What is f(-5)?
-30
Let f(x) = -2*x**2 - 6*x - 7. Give f(-3).
-7
Let a(v) = -17*v + 82. Determine a(-6).
184
Let t(k) = k**3 + 11*k**2 - 11*k + 15. Give t(-12).
3
Let p(q) = 3*q - 26. Give p(10).
4
Let k(w) = 3*w - 52. What is k(15)?
-7
Let l(d) = 4*d - 48. Calculate l(16).
16
Let s(u) = -u**2 - 10*u + 7. What is s(-9)?
16
Let q(h) = 2*h**2 - 20*h + 9. What is q(9)?
-9
Let o(t) = t**2 - 13*t + 57. What is o(5)?
17
Let u(n) = -4*n + 111. Calculate u(26).
7
Let h(g) = -g**2 + 3*g + 5. Give h(5).
-5
Let j(n) = -n**2 - 8*n - 17. Calculate j(-7).
-10
Let c(k) = k**3 - 8*k**2 + 11*k - 9. Calculate c(7).
19
Let w(f) = -f**2 - 38*f - 134. Give w(-4).
2
Let s(o) = -15*o - 96. Determine s(-10).
54
Let n(t) = t**3 - 13*t**2 - t - 8. Give n(13).
-21
Let b(c) = -29*c - 494. What is b(-17)?
-1
Let r(t) = -t**3 + 8*t**2 + 19*t + 14. What is r(10)?
4
Let o(y) = 5*y**2 - 6*y - 8. Determine o(-2).
24
Let p(x) = 29*x**2 - 175*x + 4. Determine p(6).
-2
Let f(c) = -c**3 - 5*c**2 - 9*c - 18. Give f(-4).
2
Let j(a) = a**2 - 18*a - 196. Give j(26).
12
Let n(g) = g**3 + 29*g**2 - g - 32. What is n(-29)?
-3
Let w(c) = 10*c + 4. Determine w(-7).
-66
Let i(t) = 2*t - 8. Give i(5).
2
Let f(y) = -y**2 - 22*y - 45. Determine f(-19).
12
Let z(d) = 2*d - 31. What is z(8)?
-15
Let q(a) = -a + 2. Give q(6).
-4
Let g(y) = y**3 - 30*y**2 + 5*y - 149. What is g(30)?
1
Let h(c) = -11*c + 71. What is h(7)?
-6
Let k(l) = -l**2 - 11*l - 4. Give k(-8).
20
Let l(q) = q + 14. What is l(4)?
18
Let n(c) = 4*c - 12. Determine n(8).
20
Let j(r) = -r**3 - 7*r**2 + 2*r + 2. Determine j(-7).
-12
Let r(g) = -g**3 - 9*g**2 + 12*g + 23. Calculate r(-10).
3
Let l(r) = 4*r**2 + 47*r - 64. Determine l(-13).
1
Let g(w) = w**3 - 2*w**2 + 22*w - 41. Calculate g(2).
3
Let r(i) = -i**2 - 7*i + 80. Give r(-13).
2
Let r(j) = 2*j + 5. Give r(-4).
-3
Let j(g) = -2*g**3 - g**2 + 9*g - 5. Determine j(3).
-41
Let u(o) = -8*o**2 + 2. What is u(-1)?
-6
Let a(m) = -m**3 - 13*m**2 - 16*m - 24. Give a(-11).
-90
Let q(j) = -4*j**2 - 6*j - 5. What is q(-2)?
-9
Let v(x) = 15*x + 4. Give v(3).
49
Let k(h) = -3*h**3 + 5*h**2 + 23*h - 47. Determine k(2).
-5
Let p(a) = -6*a - 19. What is p(-11)?
47
Let g(l) = -l**2 - 29*l - 215. Calculate g(-17).
-11
Let q(z) = z**3 + 12*z**2 + 9*z - 12. What is q(-11)?
10
Let g(d) = 5*d + 2. What is g(1)?
7
Let g(a) = -3*a + 107. Give g(39).
-10
Let y(h) = h**3 + 4*h**2 + h + 6. Calculate y(-4).
2
Let t(f) = 67*f - 406. Give t(6).
-4
Let g(p) = -14*p. What is g(-7)?
98
Let c(y) = y**2 - 15*y + 31. What is c(13)?
5
Let q(d) = -d + 2. Determine q(-4).
6
Let g(y) = y**3 - 20*y**2 + 36*y + 2. Determine g(18).
2
Let q(l) = -15*l + 3. Calculate q(2).
-27
Let j(h) = h**2 + 9*h + 25. What is j(-4)?
5
Let s(b) = 3*b**2 + 26*b + 2. What is s(-9)?
11
Let h(r) = -r**2 + 20*r - 60. Give h(16).
4
Let y(r) = 35*r - 57. Determine y(4).
83
Let c(q) = 7*q - 1. Give c(-3).
-22
Let w(x) = 9*x - 1. Determine w(5).
44
Let m(k) = 3*k**3 - 2*k**2 + 8*k - 4. Give m(2).
28
Let d(b) = -b**3 + 3*b + 4. Determine d(0).
4
Let z(x) = -x**3 - 15*x**2 + 22. Determine z(-15).
22
Let k(r) = -r + 8. What is k(9)?
-1
Let l(i) = 31*i**2 - 3*i - 2. Calculate l(1).
26
Let d(v) = -63*v + 9. Give d(1).
-54
Let u(o) = -o**3 - 16*o**2 - 13*o + 28. Determine u(-15).
-2
Let j(v) = 18*v - 30. Give j(2).
6
Let s(o) = -4*o + 82. Give s(26).
-22
Let p(a) = 19*a - 11. Give p(2).
27
Let x(p) = -11*p - 15. Determine x(-6).
51
Let w(z) = -41*z - 649. What is w(-16)?
7
Let z(o) = 3*o**2 + o + 4. Determine z(-2).
14
Let t(g) = -g**2 - 14*g - 2. Determine t(-11).
31
Let o(m) = m - 5. Calculate o(1).
-4
Let s(g) = -2*g**2 - 4*g - 2. Determine s(-2).
-2
Let d(w) = -9*w - 10. What is d(-3)?
17
Let k(h) = -3*h - 66. What is k(-24)?
6
Let f(c) = c**2 - 6*c - 31. Give f(10).
9
Let f(z) = 5*z - 4. What is f(3)?
11
Let x(u) = u**2 + 5*u - 3. Calculate x(-4).
-7
Let s(i) = -i + 24. Calculate s(15).
9
Let p(s) = -s**2 + 4*s. Calculate p(4).
0
Let o(g) = g**2 + g - 10. Calculate o(0).
-10
Let y(a) = a**2 + 15*a + 2. Determine y(-9).
-52
Let m(u) = -u**3 - 48*u**2 + 100*u + 5. Determine m(-50).
5
Let f(m) = 9*m**3 + m**2 - 20*m - 20. Give f(-1).
-8
Let a(n) = -n**3 + 4*n**2 + 14*n + 1. Calculate a(6).
13
Let a(b) = -b**3 + 6*b**2 + 8*b - 56. Give a(5).
9
Let f(m) = m**3 - 19*m**2 - 120*m + 14. What is f(24)?
14
Let x(r) = -r**3 + 36*r**2 + 159*r + 49. Give x(40).
9
Let h(i) = -i**3 - 19*i**2 + 36*i - 29. Calculate h(-21).
97
Let o(r) = 7*r - 20. Determine o(14).
78
Let x(o) = o**2 - 5*o. Calculate x(5).
0
Let n(g) = -2*g - 10. What is n(-5)?
0
Let p(w) = 21*w + 31. Give p(-3).
-32
Let w(u) = 15*u - 3. Give w(3).
42
Let l(r) = -77*r - 387. Calculate l(-5).
-2
Let l(i) = -i + 9. Give l(11).
-2
Let a(f) = f**3 + 40*f**2 - 39*f + 93. Give a(-41).
11
Let a(w) = 7*w + 74. Determine a(-11).
-3
Let f(i) = -2*i**3 - 15*i**2 + 6*i - 23. Calculate f(-8).
-7
Let p(f) = -f**2 - 8*f + 3. Calculate p(-6).
15
Let j(s) = -s**3 + 5*s**2 - 6*s + 9. Determine j(4).
1
Let g(n) = -n**2 - 10*n - 12. What is g(-2)?
4
Let h(v) = v**3 - 32*v**2 + 61*v - 21. What is h(30)?
9
Let k(i) = 3*i**2 - 45*i + 86. Give k(2).
8
Let w(x) = -x**3 - 8*x**2 + 8*x - 2. Determine w(-9).
7
Let l(p) = -11*p + 5. Determine l(-3).
38
Let q(u) = -u**3 - 12*u**2 - 13*u - 1. Determine q(-11).
21
Let c(p) = p**3 - 14*p**2 - 9*p - 36. Give c(15).
54
Let l(h) = 44*h - 12. What is l(1)?
32
Let v(j) = j**2 - 11*j + 3. What is v(8)?
-21
Let z(w) = w**2 + 21*w - 24. Calculate z(0).
-24
Let g(j) = -12*j - 18. What is g(-3)?
18
Let s(c) = c**3 - 4*c + 5. Determine s(0).
5
Let p(a) = -a**2 + 7*a + 6. Give p(-1).
-2
Let z(s) = -s + 10. Give z(2).
8
Let g(c) = -4*c**2 - 7*c + 51. Determine g(3).
-6
Let k(x) = -x**3 + 21*x**2 - 19*x - 24. What is k(20)?
-4
Let m(r) = -6*r + 52. Determine m(7).
10
Let x(c) = c**3 - 13*c**2 - c + 6. Determine x(13).
-7
Let k(m) = -m**3 - 12*m**2 - 20*m + 15. What is k(-10)?
15
Let q(n) = -n**3 - 8*n**2 + 11*n + 20. What is q(-9)?
2
Let a(z) = z**3 - 11*z**2 + 11*z + 11. Calculate a(9).
-52
Let p(j) = -j**3 - 8*j**2 + 4*j - 16. Give p(-9).
29
Let g(x) = 11*x - 174. Calculate g(16).
2
Let i(a) = -6*a - 59. What is i(-12)?
13
Let j(m) = -2*m - 2. Give j(-12).
22
Let k(w) = 3*w**2 - 4*w - 4. What is k(0)?
-4
Let u(w) = w**2 + 5*w - 2. What is u(-6)?
4
Let a(l) = -5*l + 31. Calculate a(6).
1
Let j(o) = -o**3 - 9*o**2 - 12*o - 6. What is j(-8)?
26
Let r(c) = c**3 - 9*c**2 - 11*c + 9. Determine r(10).
-1
Let w(r) = 3*r**3 + 36*r**2 + 2*r - 25. Determine w(-12).
-49
Let b(m) = -m**3 - 5*m**2 + 2*m + 20. Give b(-5).
10
Let x(i) = i**3 - 6*i**2 + i - 6. Determine x(7).
50
Let u(k) = -2*k**2 - k + 4. Calculate u(2).
-6
Let s(n) = 20*n - 53. Calculate s(4).
27
Let l(b) = -b**2 + 6*b - 4. What is l(13)?
-95
Let b(m) = -61*m - 298. What is b(-5)?
7
Let l(z) = z**3 + 13*z**2 - 15*z - 48. Calculate l(-14).
-34
Let w(y) = y**3 - 5*y**2 - 2. Determine w(4).
-18
Let d(t) = 22*t - 61. Determine d(3).
5
Let n(u) = 9*u - 14. Calculate n(6).
40
Let x(a) = -a**2 + 8*a - 5. Calculate x(9).
-14
Let q(u) = -u**2 - 5*u + 371. Calculate q(17).
-3
Let k(d) = 22*d - 314. Give k(15).
16
Let d(r) = 11*r + 44. Give d(-3).
11
Let n(h) = -9*h**2 - h. Determine n(-2).
-34
Let i(p) = -p - 13. What is i(-8)?
-5
Let f(s) = -s**2 + 18*s - 48. Give f(10).
32
Let l(q) = -4*q**2 - 3*q + 22. Calculate l(-5).
-63
Let o(t) = 29*t + 71. Determine o(-5).
-74
Let k(a) = 2*a - 11. Determine k(8).
5
Let s(g) = g**2 - 15*g - 8. Determine s(15).
-8
Let v(o) = o**2 + 8*o - 10. What is v(-8)?
-10
Let k(h) = 5*h**2 - 3*h - 7. Give k(3).
29
Let g(c) = -c**2 + 2*c + 2. Determine g(4).
